
In base 12, what is 577140 - -3?
577143
In base 6, what is -215542 + 130?
-215412
In base 10, what is 226 + 10957?
11183
In base 8, what is -6747553 + 1?
-6747552
In base 16, what is 2 + -85d1d?
-85d1b
In base 15, what is aaaa - -3c?
aae7
In base 4, what is -2 - -1201110?
1201102
In base 4, what is -30213311 + -100?
-30220011
In base 8, what is 1 + -4106?
-4105
In base 10, what is -4 - -9410?
9406
In base 16, what is -d4 + f0?
1c
In base 3, what is -1012020110 - -2?
-1012020101
In base 6, what is -3 - -4304412?
4304405
In base 3, what is -10 + 1102011201102?
1102011201022
In base 9, what is -60 + 11635?
11565
In base 10, what is 1070 - -6?
1076
In base 4, what is 3033202 + -13?
3033123
In base 7, what is 12651 - 221?
12430
In base 5, what is -12402131 + 1?
-12402130
In base 14, what is 3417 - -d?
3426
In base 3, what is -1012010220 - -101021?
-1011202122
In base 3, what is 112 + 10122122121?
10122200010
In base 8, what is -746 + 121?
-625
In base 14, what is 2235 - -262?
2497
In base 6, what is 30 + -2203?
-2133
In base 11, what is -a4976 + 2?
-a4974
In base 2, what is 0 + 10111101110001?
10111101110001
In base 9, what is -5 + -420384?
-420400
In base 13, what is -23 + 648?
625
In base 2, what is -1001001000000001010 - -1?
-1001001000000001001
In base 11, what is 104861 - -3?
104864
In base 3, what is -21200 + -220201?
-1012101
In base 16, what is -7a6 - ab?
-851
In base 14, what is -5 + -cd346?
-cd34b
In base 14, what is -3 - 1165?
-1168
In base 4, what is -2 - 111130032?
-111130100
In base 7, what is -152 + 4?
-145
In base 6, what is -5513025 - -1?
-5513024
In base 11, what is -11 + -37?
-48
In base 10, what is 1313 - 6?
1307
In base 11, what is -3 - 1122123?
-1122126
In base 15, what is -501d + 2?
-501b
In base 10, what is -95640 - -5?
-95635
In base 2, what is 100000111 + -1100011?
10100100
In base 13, what is -50 + -1a11?
-1a61
In base 9, what is 11 - -276130?
276141
In base 8, what is -4734723 + 1?
-4734722
In base 9, what is -1151 - 8?
-1160
In base 14, what is c5 + -1aa?
-c5
In base 4, what is 11 + 13121131?
13121202
In base 11, what is -7aa450 - -2?
-7aa449
In base 15, what is 48621 - -a?
4862b
In base 9, what is -8265231 - -3?
-8265227
In base 15, what is 1bb - d?
1ad
In base 9, what is -12 - -2670?
2657
In base 8, what is 0 + -1460737?
-1460737
In base 15, what is 23b + -175?
b6
In base 13, what is 71b6 + -a?
71a9
In base 7, what is -10 + -214601?
-214611
In base 4, what is -23 + -1131212?
-1131301
In base 7, what is -3 + -4124134?
-4124140
In base 11, what is -198 - 27439?
-27626
In base 13, what is -1695 + 30?
-1665
In base 9, what is 0 - 13013?
-13013
In base 16, what is -21e962 - -4?
-21e95e
In base 3, what is 2 - 100011221220?
-100011221211
In base 13, what is -b + 3ca70?
3ca62
In base 10, what is -3 + -37752?
-37755
In base 10, what is -1 - 50341?
-50342
In base 7, what is 646 + 5?
654
In base 2, what is 1 - -1100111111011100?
1100111111011101
In base 11, what is 5 + 8060?
8065
In base 8, what is 10140 + 361?
10521
In base 8, what is -20367 + 3?
-20364
In base 4, what is 2203 + 103222?
112031
In base 3, what is 10012 + -120202021?
-120122002
In base 9, what is -762 - 1140?
-2012
In base 7, what is 50060 + 0?
50060
In base 15, what is -7ead8 + -4?
-7eadc
In base 6, what is -10232 - -2044?
-4144
In base 9, what is -3 - -13135?
13132
In base 9, what is 11 - -6285?
6306
In base 15, what is 1178 + c?
1185
In base 7, what is -106555 - 1?
-106556
In base 2, what is -10 + 1010011000010000?
1010011000001110
In base 3, what is 2 + 202212101?
202212110
In base 7, what is -16414 - -35?
-16346
In base 13, what is -43 + -2c6?
-339
In base 5, what is -2121123 - -11?
-2121112
In base 3, what is -201 + 21001221?
21001020
In base 13, what is -3b - -12a?
bc
In base 14, what is 154 - -c47?
d9b
In base 8, what is 53 - 15140?
-15065
In base 12, what is -7a - 92?
-150
In base 6, what is -202312 + -5?
-202321
In base 14, what is -1d9a + -31?
-1dcb
In base 2, what is 11010 - 10110111010?
-10110100000
In base 2, what is 0 + 111010010010001101?
111010010010001101
In base 9, what is -251284 - 5?
-251300
In base 5, what is -10212324 + -1?
-10212330
In base 12, what is 19 + -1336?
-1319
In base 3, what is 101122012 - 20210?
101101102
In base 16, what is 3 + -d4f8?
-d4f5
In base 12, what is 1000 + 785?
1785
In base 7, what is -150110 - -3?
-150104
In base 9, what is -235 + 71?
-154
In base 4, what is 122 + -11310332?
-11310210
In base 10, what is -31024 - 11?
-31035
In base 2, what is -11010111010 - -1010?
-11010110000
In base 12, what is -b + 49?
3a
In base 3, what is 1120 - -200?
2020
In base 3, what is -12202101 + 121000?
-12011101
In base 16, what is 49d4 - -7?
49db
In base 15, what is 1 - ab53?
-ab52
In base 13, what is -11b + -23?
-141
In base 11, what is a005 + -36?
9a7a
In base 2, what is 1100010 - 1001000001?
-111011111
In base 3, what is -1020011220112 + 12?
-1020011220100
In base 13, what is -1 - 2641?
-2642
In base 7, what is 16663445 + 5?
16663453
In base 11, what is 66 - 2266?
-2200
In base 16, what is d - 2020?
-2013
In base 7, what is -12 + -1221?
-1233
In base 2, what is -1000101111 + 110?
-1000101001
In base 12, what is 2b + -258?
-229
In base 12, what is -5 + 59037?
59032
In base 15, what is 47 + 13d?
185
In base 8, what is 4 - -330000?
330004
In base 14, what is -781b74 + 5?
-781b6d
In base 8, what is -145 + -1751?
-2116
In base 6, what is -23332 - -241?
-23051
In base 2, what is -101011000 + 111110001?
10011001
In base 16, what is -c74 - -5?
-c6f
In base 15, what is 5 + -bca8?
-bca3
In base 14, what is 9 - -8b725?
8b730
In base 13, what is -58 + 231?
1a6
In base 16, what is -13a - -373?
239
In base 12, what is 0 - 732a?
-732a
In base 16, what is -d92 - 2ad?
-103f
In base 5, what is 1202 - -132204?
133411
In base 3, what is 0 - 20110102012?
-20110102012
In base 8, what is 7174267 - 2?
7174265
In base 12, what is -45 - 5?
-4a
In base 6, what is 34 - -115205?
115243
In base 5, what is 220043 + 4014?
224112
In base 11, what is 0 + 39477?
39477
In base 14, what is 29dc - 0?
29dc
In base 4, what is -33320003 - -21?
-33313322
In base 14, what is -cc + -10?
-dc
In base 9, what is -475 - -8?
-466
In base 13, what is -bb + -599?
-687
In base 14, what is 16a6b - -2?
16a6d
In base 3, what is 11010121210 + -202?
11010121001
In base 12, what is -1666 - b88?
-2632
In base 5, what is 24 - 3433224?
-3433200
In base 12, what is 2566b + 2?
25671
In base 7, what is -2103 + -561?
-2664
In base 13, what is -4508 - 42?
-454a
In base 16, what is 3 + -b158?
-b155
In base 9, what is 6760 - -80?
6850
In base 12, what is -106 + a839?
a733
In base 2, what is 11011 - -110111100011?
110111111110
In base 4, what is 1 - 1102211?
-1102210
In base 4, what is -203110 + 22033?
-121011
In base 11, what is -2 + 1375?
1373
In base 16, what is -55 + 947?
8f2
In base 5, what is -3 - -1003443?
1003440
In base 11, what is 2a0 - -4795?
4a85
In base 5, what is -134334100 + 3?
-134334042
In base 15, what is -3 + -11745e?
-117462
In base 15, what is 5 + 2bc9e?
2bca4
In base 3, what is -11 + -1100000111110?
-1100000111121
In base 2, what is 10101110010010 - -11?
10101110010101
In base 13, what is -30a2ab + 3?
-30a2a8
In base 2, what is -1111100010 - -10110011?
-1100101111
In base 6, what is 41 + -10410?
-10325
In base 9, what is 6558 - 16?
6542
In base 16, what is -871 - -3bf?
-4b2
In base 6, what is -44514514 - 4?
-44514522
In base 16, what is 6f45 - e?
6f37
In base 6, what is 303113 - -11?
303124
In base 13, what is -2 + 41ba3?
41ba1
In base 6, what is 341 + 15422?
20203
In base 16, what is 40bb + 8?
40c3
In base 2, what is 1 + -1100111010110100101?
-1100111010110100100
In base 9, what is 1646 + 478?
2235
In base 9, what is 1033 - 85?
837
In base 12, what is -28561 + -5?
-28566
In base 9, what is -6 + 6580?
6573
In base 12, what is -20881 - -3?
-2087a
In base 2, what is 11111 - 101100011101?
-101011111110
In base 10, what is -1 + -72512?
-72513
In base 9, what is 1 - 11476?
-11475
In base 16, what is -4e8 + -3?
-4eb
In base 2, what is -1 + 101101100010110100?
101101100010110011
In base 5, what is 1444 - -10133?
12132
In base 16, what is 4f6e - -3?
4f71
In base 5, what is 41 + 2214422?
2220013
In base 2, what is 11100000001110 + -11?
11100000001011
In base 8, what is 2254 - -72